{"id":37,"date":"2022-07-25T15:05:32","date_gmt":"2022-07-25T13:05:32","guid":{"rendered":"https:\/\/www.imprs-idi.org\/?page_id=37"},"modified":"2022-08-08T15:11:00","modified_gmt":"2022-08-08T13:11:00","slug":"impressum","status":"publish","type":"page","link":"https:\/\/www.imprs-idi.org\/home\/impressum\/","title":{"rendered":"Imprint"},"content":{"rendered":"\t\t<div data-elementor-type=\"wp-page\" data-elementor-id=\"37\" class=\"elementor elementor-37\">\n\t\t\t\t\t\t<section class=\"elementor-section elementor-top-section elementor-element elementor-element-5d0fa186 elementor-section-boxed elementor-section-height-default elementor-section-height-default\" data-id=\"5d0fa186\" data-element_type=\"section\" data-e-type=\"section\">\n\t\t\t\t\t\t<div class=\"elementor-container elementor-column-gap-default\">\n\t\t\t\t\t<div class=\"elementor-column elementor-col-100 elementor-top-column elementor-element elementor-element-4bebb1f7\" data-id=\"4bebb1f7\" data-element_type=\"column\" data-e-type=\"column\">\n\t\t\t<div class=\"elementor-widget-wrap elementor-element-populated\">\n\t\t\t\t\t\t<div class=\"elementor-element elementor-element-73ef92d8 elementor-widget elementor-widget-text-editor\" data-id=\"73ef92d8\" data-element_type=\"widget\" data-e-type=\"widget\" data-widget_type=\"text-editor.default\">\n\t\t\t\t<div class=\"elementor-widget-container\">\n\t\t\t\t\t\t\t\t\t<pre><\/pre>\n<h1 class=\"wp-block-heading\">Imprint \/ Provider Identification<\/h1>\n<p><\/p>\n<p><\/p>\n<h6>The following provides mandatory data concerning the provider of this website, obligations with regard to data protection, as well as other important legal references involving the Internet site of the Max Planck Institute for Infection Biology (www.mpiib-berlin.mpg.de) as required by German law.<\/h6>\n<p><\/p>\n<h4 class=\"wp-block-heading\">Provider<\/h4>\n<p><\/p>\n<p>The provider of this Internet site within the legal meaning of the term is the registered association Max Planck Society for the Advancement of Science e.V.<\/p>\n<p><\/p>\n<h4 class=\"wp-block-heading\">Address<\/h4>\n<p><\/p>\n<h6>Max-Planck-Gesellschaft zur F\u00f6rderung der Wissenschaften e.V.<br>Hofgartenstra\u00dfe 8<br>D-80539 Munich<\/h6>\n<h6>Phone: +49 89 2108 &#8211; 0<br>Internet: <a href=\"http:\/\/www.mpg.de\">www.mpg.de<\/a><\/h6>\n<p><\/p>\n<h4 class=\"wp-block-heading\">Register of Societies and Associations<\/h4>\n<p><\/p>\n<h6>The Max Planck Society is registered in the Official Register of Societies and Associations at Berlin-Charlottenburg Local Court under the register number VR 13378 B.<\/h6>\n<p><\/p>\n<h4 class=\"wp-block-heading\">Representatives<\/h4>\n<p><\/p>\n<h6>The Max Planck Society is legally represented by its Board of Directors which, in turn, is represented by the President of the Society, Prof. Dr. Martin Stratmann and by Secretary General Dr. Simone Schwanitz.<\/h6>\n<p><\/p>\n<h4 class=\"wp-block-heading\">Value Added Tax Identification Number<\/h4>\n<p><\/p>\n<p>The value added tax identification number of the Max Planck Society is DE 129517720.<\/p>\n<p><\/p>\n<h4 class=\"wp-block-heading\">Editors<\/h4>\n<p><\/p>\n<h6>Responsible editor for the contents of the website of the Max Planck Institute for Infection Biology with regard to media law:<\/h6>\n<h6>Arturo Zychlinsky<br>Max-Planck-Institut f\u00fcr Infektionsbiologie<br>Campus Charit\u00e9 Mitte<br>Charit\u00e9platz 1<br>10117 Berlin \/ Germany<\/h6>\n<p><\/p>\n<h4 class=\"wp-block-heading\">Data protection officers<\/h4>\n<p><\/p>\n<h6>Heidi Schuster<br>Max-Planck-Gesellschaft zur F\u00f6rderung der Wissenschaften e.V.<br>Hofgartenstra\u00dfe 8<br>D-80539 M\u00fcnchen<br><a href=\"mailto:dsb@gv.mpg.de\">dsb@gv.mpg.de<\/a><\/h6>\n<p><\/p>\n<h4 class=\"wp-block-heading\">Legal Structure<\/h4>\n<p><\/p>\n<h6>The Max Planck Society is a non-profit research facility which is organized as a registered association. All of the institutes and facilities of the Max Planck Society are largely autonomous in terms of organization and research, but as a rule have no legal capacity of their own.<\/h6>\n<p><\/p>\n<p><\/p>\n<h4 class=\"wp-block-heading\">Liability for Contents of Online Information<\/h4>\n<p><\/p>\n<h6>As the provider of contents in accordance with Section 7 Paragraph 1 of the Tele-Media Law, the Max Planck Society shall be responsible for any contents which it makes available for use in accordance with general legal provisions. The Max Planck Society makes every effort to provide timely and accurate information on this Web site. Nevertheless, errors and inaccuracies cannot be completely ruled out. Therefore, the Max Planck Society does not assume any liability for the relevance, accuracy, completeness or quality of the information provided. The Max Planck Society shall not be liable for damage of a tangible or intangible nature caused directly or indirectly through the use or failure to use the information offered and\/or through the use of faulty or incomplete information unless it is verifiably culpable of intent or gross negligence. The same shall apply to any downloadable software available free of charge. The Max Planck Society reserves the right to modify, supplement, or delete any or all of the information offered on its Internet site, or to temporarily or permanently cease publication thereof without prior and separate notification.<\/h6>\n<p><\/p>\n<h4 class=\"wp-block-heading\">Links to Internet Sites of Third Parties<\/h4>\n<p><\/p>\n<h6>This Internet site includes links to external pages. These external links are designated as follows: <img decoding=\"async\" src=\"https:\/\/www.mpiib-berlin.mpg.de\/7106\/external_link_icon-1327338980.gif\" alt=\"\" width=\"16\" height=\"16\">. The respective provider shall be responsible for the contents of any linked external pages. In establishing the initial link, the Max Planck Society has reviewed the respective external content in order to determine whether such link entailed possible civil or criminal responsibility. However, a constant review of linked external pages is unreasonable without concrete reason to believe that a violation of the law may be involved. If the Max Planck Society determines such or it is pointed out by others that an external offer to which it is connected via a link entails civil or criminal responsibility, then the Max Planck Society will immediately eliminate any link to this offer. The Max Planck Society expressly dissociates itself from such contents.<\/h6>\n<p><\/p>\n<h4 class=\"wp-block-heading\"><br><\/h4>\n<p><\/p>\n<p><\/p>\t\t\t\t\t\t\t\t<\/div>\n\t\t\t\t<\/div>\n\t\t\t\t\t<\/div>\n\t\t<\/div>\n\t\t\t\t\t<\/div>\n\t\t<\/section>\n\t\t\t\t<\/div>\n\t\t","protected":false},"excerpt":{"rendered":"<p>Imprint \/ Provider Identification The following provides mandatory data concerning the provider of this website, obligations with regard to data protection, as well as other important legal references involving the Internet site of the Max Planck Institute for Infection Biology (www.mpiib-berlin.mpg.de) as required by German law. Provider The provider of this Internet site within the [&hellip;]<\/p>\n","protected":false},"author":2,"featured_media":0,"parent":0,"menu_order":0,"comment_status":"closed","ping_status":"closed","template":"","meta":{"footnotes":""},"class_list":["post-37","page","type-page","status-publish","hentry"],"_links":{"self":[{"href":"https:\/\/www.imprs-idi.org\/home\/wp-json\/wp\/v2\/pages\/37","targetHints":{"allow":["GET"]}}],"collection":[{"href":"https:\/\/www.imprs-idi.org\/home\/wp-json\/wp\/v2\/pages"}],"about":[{"href":"https:\/\/www.imprs-idi.org\/home\/wp-json\/wp\/v2\/types\/page"}],"author":[{"embeddable":true,"href":"https:\/\/www.imprs-idi.org\/home\/wp-json\/wp\/v2\/users\/2"}],"replies":[{"embeddable":true,"href":"https:\/\/www.imprs-idi.org\/home\/wp-json\/wp\/v2\/comments?post=37"}],"version-history":[{"count":6,"href":"https:\/\/www.imprs-idi.org\/home\/wp-json\/wp\/v2\/pages\/37\/revisions"}],"predecessor-version":[{"id":882,"href":"https:\/\/www.imprs-idi.org\/home\/wp-json\/wp\/v2\/pages\/37\/revisions\/882"}],"wp:attachment":[{"href":"https:\/\/www.imprs-idi.org\/home\/wp-json\/wp\/v2\/media?parent=37"}],"curies":[{"name":"wp","href":"https:\/\/api.w.org\/{rel}","templated":true}]}}